+ (36 + -17 - -47)?
73
What is the value of 20 - -20 - (-3 + (16 - 4) - (9 + -1))?
39
Evaluate (-9 - ((-4 - 1) + -12)) + 0 + 10.
18
Evaluate -3 - (-22 + -9 - -13) - (3 + 3 + -7).
16
What is the value of 2 + 101 + -10 + (18 + 14 - 21) + -13?
91
Calculate 12 + (0 - (0 + 1)) - (900 + -844).
-45
What is 14 + -16 - 10 - -8?
-4
-83 - (-134 + 156 + -65)
-40
What is 32 - 0 - (1 + (0 + -25 - -28))?
28
(75 - (8 + 9 - 6)) + 12
76
39 + -11 - (8 + (-8 - (-9 + 14)))
33
What is -75 - (-67 + 21 + -131)?
102
Calculate -3 + 5 + 3 + -6 + 3 - 27.
-25
36 + 6 - 40 - (-6 - (0 - 0))
8
What is -1046 + 1073 - (38 - 0)?
-11
Evaluate 1 + (98 + -18 - -35) + -38.
78
Evaluate (-46 - (-14 + 9)) + 43.
2
What is the value of 70 + (-17 - -20) + (-18 - -15)?
70
What is the value of (23 - 0) + -54 - 23?
-54
(-17 - (11 + -6 + -37)) + 1 + -94
-78
Calculate 6536 + -6533 - (-29 + -1).
33
Evaluate (17 - ((3 - -6) + -11)) + -32 - 14.
-27
Evaluate -9 - (37 + ((1 - -4) + -11 - (2 + -7))).
-45
Evaluate -18 + 2 - (-37 + (-3 - -24)).
0
Evaluate (-56 - -29 - 29) + -5.
-61
Evaluate -4067 + 4103 + 85 + -1.
120
19 + (144 + -87 - (14 + 11))
51
-1081 - -1026 - (-5 + -118)
68
What is the value of (34 - ((-28 - -9) + 10)) + 13 + -3?
53
What is the value of 165 - 8 - 51 - (-5 - (-16 - (-3 - 0)))?
98
Calculate (26 - 44 - 32) + 36.
-14
49 - (128 + -86) - (-1 - 28)
36
What is 60 + (-8 - 58) - (-2 + (25 - (3 + 1)))?
-25
-48 + 12 - -38 - (3 + -4 + 104)
-101
-1 + -31 + (8 + 3 - (61 - 47))
-35
What is the value of 2 + ((-28 - -14) + 10 + -5 - (-95 + -3))?
91
What is (1 - -1) + 1 + -5 - (-50 - -43)?
5
Calculate (21 - (-40 + -26 + 45)) + 30.
72
(10 - (-10 - -19 - 3)) + 21 + -3
22
What is the value of 19 - (-18 - -54) - (-3 + (-2 + 5 - 10))?
-7
Evaluate -158 + 10 + (42 - -21).
-85
What is 15 - 46 - (1 + -3 + 9 - 1)?
-37
What is (40 - (0 + -1)) + (3357 - 3367)?
31
What is 24 + (7 - 12) + -44?
-25
What is the value of 18 - 0 - (58 - -5)?
-45
What is the value of 21 + -2 + (-22 - (31 + 2 - 13))?
-23
Evaluate -5 + (4 - -58) + 12 + 14 + -18 + -3.
62
(-62 - -29 - -1) + -29
-61
Calculate 3 + -10 + -8 - (7 - 10) - -75.
63
Calculate 61 - (275 + -175) - (-47 + 0).
8
What is -50 + -16 - (5 - (-15 + 29))?
-57
What is the value of (2 - -9 - (22 - 46)) + -17?
18
What is -31 + (18 - 10) + -13 + 18 + -13?
-31
Calculate (-18 - (0 - -17)) + 46.
11
(-189 - -264) + -89 - (7 - (3 + 3 + -9))
-24
Evaluate (-2 - 2) + (-38 - -1) + (-115 - -70) + 39.
-47
Evaluate 12 + -16 - (-116 - (4 - 7 - 1) - 1).
109
What is the value of (-2405 - -2429) + (0 + 2 - 24)?
2
What is the value of 1 + 37 + -13 + (1 - -23)?
49
What is -1 + (-4 - (-4 - 0)) + (-1 - -39)?
37
Calculate -14 - ((-1 - -14) + -22 - 15) - 62.
-52
Evaluate (-3 + -1 + 177 + -176 - -52) + 12.
61
Evaluate -80 + -3 + (-76 - (-90 + 7)).
-76
What is the value of -18 - -15 - (6 + 0 + -7 + 17 + 4)?
-23
What is (-1 - -3) + 1 - -24 - (-1063 + 1063)?
27
Evaluate 4 - (7 - -34 - 6) - (-21 - -16).
-26
What is the value of 0 - 1 - ((-17 - -15) + -4) - -36 - 8?
33
Calculate 4 + 9 - (559 + -543).
-3
What is -92 + (9 - -2) - (-19 - (4 + -12))?
-70
What is the value of (-43 - -5) + (-25 + 8 - -6 - 8)?
-57
Calculate -1 + 56 - (5 - (-16 - (-9 - 17)) - -9).
51
What is the value of -18 + -10 + (-42 - -15) + 35?
-20
What is the value of (110 - 58) + -83 + 13?
-18
-1 + (-2 - 15) - (67 + -62 + -68)
45
What is 12 + -4 + 33 - 66?
-25
What is 5 + -12 - (-8 - (-4 + -5)) - (59 - -9)?
-76
Evaluate (27 - -11) + (-9 + 40 - 23 - (10 + 0)).
36
What is 32 - -12 - (84 - 65)?
25
Evaluate 191 + -188 - (16 + (-1 - -1)) - -18 - 54.
-49
56 - 32 - (-15 - 0 - -1)
38
What is -46 + (7 - (-26 + (7 - -4) + 7))?
-31
What is the value of (-7 - -55 - (3 + (-6 - -4))) + 49 + -53?
43
What is -53 - (-65 - -15) - (1 + 29)?
-33
Evaluate 29 - 50 - -49 - (-11 + 68).
-29
What is 2 + -108 + (969 - 965)?
-102
Calculate 5 - (-3 + 10 + -3 + 2) - (488 - 470).
-19
Calculate -7 - -19 - 20 - ((-18 - -9) + 58).
-57
What is 11 + (42 - (5 + -9) - ((-21 - -17) + -7))?
68
What is the value of (1 - (-8 + -74)) + (33 - (45 - -3))?
68
Calculate (-15 - 49 - -17) + 6.
-41
What is the value of 4 + (13 - 18) + 0 + 1 + -19?
-19
Evaluate -21 + ((-13 - -2) + -13 - -13).
-32
-109 + 48 + 31 - (-53 - 1)
24
Evaluate -1328 + 1389 + (28 - 1) + -36.
52
What is the value of 36 + (44 - (63 + -16))?
33
-934 + 931 + (-5 - -58) + 6
56
What is the value of (20 - 2) + (-22 - (-140 - -44))?
92
What is the value of -43 - (-49 - (-42 - -13) - -19)?
-42
Calculate 55 - 56 - (-50 - (-8 + 12)) - 12.
41
Evaluate 4 + -9 + -29 + (74 - 58).
-18
What is -39 + (-11 + 41 - 41)?
-50
What is 3 - 28 - -18 - (3 + -14)?
4
Calculate 28 + -58 + (6 - (-5 - (-6 + (2 - 0)))).
-23
Evaluate (16 - (-2 - 4)) + (4 - 29 - 20).
-23
36 + -146 + 114 - (-6 + 3 - 30)
37
-9 + 12 + 0 + 0 + 39 + 0 + 6
48
Calculate -112 - -154 - (44 - 3).
1
4 - (0 + 2) - (22 + (17 - 31))
-6
What is the value of -12 + (6 + -6 + -3 - 7)?
-22
17 - (1 + -2) - (331 - 110 - 206)
3
79 - (72 - -29 - 73)
51
Calculate 38 - (32 - 11 - 7) - 2.
22
What is the value of -20 - 20 - -36 - (1 - (61 + 1))?
57
What is the value of 2 + (83 - 2) + (-85 - (-249 - -166))?
81
What is (42 - -1) + (37 - 42) - ((1 - 4) + 6)?
35
Calculate 0 + 11 + (1193 - 1189).
15
(-50 - 46) + (12 - 14)
-98
(2 + -67 - -7) + 92 + -84
-50
Evaluate -5 - ((-5 - -39) + -54 + 32).
-17
What is 17 - 46 - -43 - -8?
22
17 + 73 + -14 + -17 - -28
87
What is (-8 + -57 - 1 - (4 - 3)) + -12 - -4?
-75
Evaluate (-151 - (-4 + 1)) + -207 + 231 - -14.
-110
28 + 5 + -8 + -119 + 137
43
What is the value of -15 + -1 + 2 - ((-24 - 52) + 3)?
59
What is the value of (11 - ((-4 - -11) + 6)) + -11 - 36?
-49
What is the value of -19 + -19 + -11 + -13 + 21 + (-1 - -8)?
-34
What is (-3 - (5 + -7 - -1)) + (-14 - -11)?
-5
Calculate 2 + 2 - 55 - (106 - (103 + -12)).
-66
Calculate 50 + -13 + -12 + -2 - (-2 - (-8 - 2)).
15
Calculate (-2 - 1 - (-10 + 3)) + (-32 - -52 - 24).
0
What is the value of (2 - 3) + -17 + -9 + 47?
20
What is the value of 1 - (-2 - (2 + -79 + 20 + (-6 - 20)))?
-80
Calculate -46 + 17 - -84 - 12 - 22.
21
Calculate -1 + 3 + -32 + (-127 - -111).
-46
What is the value of (-9 - (28 - 13)) + 58 + -31?
3
What is the value of 0 - 17 - (82 - 88) - (0 - -1)?
-12
Calculate (51 - 36 - -41) + -48 - (-54 - (-2 - -3)).
63
Evaluate (-45 - -25) + 24 + 21 + -88.
-63
Calculate 29 + (8 - 22) - (-3 + -11 + (-88 - -6)).
111
What is the value of (-21 - 2) + -50 + -50 + 99?
-24
What is the value of -4 - (27 + 21 + 18 + -44 + 16)?
-42
-26 + 43 - 0 - (37 + 6)
-26
Evaluate -8 - ((-69 + 0 - -12) + -1).
50
What is the value of 28 - (8 - (-45 + 9))?
-16
What is -18 + (17 - -13) + 11 - 20 - 90?
-87
What is (3 + 0 - -5) + (-205 + 120 - (-26 + 6))?
-57
What is 27 + (371 + -367 - (1 + 9))?
21
-25 + (-86 - -103 - -99)
91
Evaluate -20 - (153 + -144 - (2 - -5)).
-22
Evaluate 47 - ((-38 - -70) + -15 + 4).
26
Evaluate (1 + -11 - (286 + -279)) + 11 - (3 + -61).
52
Calculate -12 + (39 - (-21 + (-1 - -12 - -29))).
8
What is 19 - (27 - (32 + -15)) - (-2 + 35)?
-24
(-22 + 0 + 1 - (-777 - -765)) + -28
-37
Evaluate (-22 - 6) + (-26 - (-67 - -67)).
-54
What is -20 + 0 + (-32 - -41)?
-11
Calculate 9 + 2 + (4 + 4 - 8) + -30.
-19
Evaluate (25 + 21 - 60) + -38 + -1 + 4.
-49
1 + -22 + -33 + 43 - (-12 + -7)
8
What is 4 + (18 - -49) + -76?
-5
Calculate -43 - (-9 - 27) - (-17 - 2) - -13.
25
What is the value of -13 + (19 - 13) + -91 + -8 + 23?
-83
Calculate (116 - (351 + -239)) + (-1 + -16 - 0).
-13
What is 11 + -23 + 2 + 11 + -11 + -111?
-121
Evaluate 12 + (14 - (22 + -8)) + 4 + 2.
18
Calculate -15 + 40 + (51 - 49).
27
-66 - (115 + (-225 - -147))
-103
Evaluate 5 + (4 - 8 - -3) + (-25 - (17 - 41)).
3
(12 - 2) + (19 - 45 - -69) + -6
47
(-16 - -37) + -2 + -9 - (54 - -38)
-82
Evaluate 3 + -1 - (12 + -15 + 13 + 5) - -8.
-5
What is the value of -10 - -64 - (182 + -172)?
44
(0 + (-70 - -69 - (-11 - -2)) - 6) + -54
-52
-504 + 484 + (97 - 2)
75
Calculate 26 - 18 - (-10 - -14 - (7 + 0) - -2).
9
90 + -135 + -15 + 23
-37
2 + 10 + -1 + -17 + 19 - 21
-8
Calculate -4 + -56 + (52 - 26).
-34
What is -7 + 29 + -29 + 3 + (-2 + -4 - 54)?
-64
Evaluate -54 - (-4 + 44 + -64).
-30
Calculate (26 + 1 - (259 - 221)) + -45.
-56
(-14 - -20) + -21 + -1
-16
What is the value of -2 + (9 - -2) + (5 + -72 - -12) + 5?
-41
Calculate -9 + -15 + 90 + -52.
14
Calculate 23 - ((